{"id":164,"date":"2024-02-12T20:10:56","date_gmt":"2024-02-12T20:10:56","guid":{"rendered":"https:\/\/cannavo.ch\/?post_type=product&#038;p=164"},"modified":"2026-03-29T16:31:27","modified_gmt":"2026-03-29T15:31:27","slug":"lager-24er-karton","status":"publish","type":"product","link":"https:\/\/rhybraeu.ch\/index.php\/produkt\/lager-24er-karton\/","title":{"rendered":"Lager 24 Flaschen"},"content":{"rendered":"<p>Unser Lager \u2013 Ein erfrischendes, helles Bier, das aus hochwertigem Malz und Hopfen gebraut wird. Mit seiner angenehmen Bitterkeit, einem leichten Malzcharakter und einem zarten Hopfenaroma ist es der perfekte Begleiter f\u00fcr warme Tage und gesellige Anl\u00e4sse. Durch die langsame Verg\u00e4rung bei niedrigen Temperaturen und die lange Lagerung entsteht ein besonders mildes Bier, das als idealer Durstl\u00f6scher f\u00fcr den Sommer gilt.<\/p>\n<p>M\u00f6chtest du gleich eine gr\u00f6ssere Menge unserer Biere bestellen? Dann bist du mit der Wahl eines 24er-Kartons genau richtig!<\/p>\n","protected":false},"excerpt":{"rendered":"<p>ABV 5.0% | EBC 9.9 | IBU 26 | Genusstemperatur: 5-6 \u00b0C<\/p>\n","protected":false},"featured_media":1218,"comment_status":"open","ping_status":"closed","template":"","meta":{"jetpack_post_was_ever_published":false},"product_brand":[],"product_cat":[15],"product_tag":[],"class_list":{"0":"post-164","1":"product","2":"type-product","3":"status-publish","4":"has-post-thumbnail","6":"product_cat-bier","8":"first","9":"instock","10":"taxable","11":"shipping-taxable","12":"purchasable","13":"product-type-variable","14":"has-default-attributes"},"jetpack_sharing_enabled":true,"_links":{"self":[{"href":"https:\/\/rhybraeu.ch\/index.php\/wp-json\/wp\/v2\/product\/164","targetHints":{"allow":["GET"]}}],"collection":[{"href":"https:\/\/rhybraeu.ch\/index.php\/wp-json\/wp\/v2\/product"}],"about":[{"href":"https:\/\/rhybraeu.ch\/index.php\/wp-json\/wp\/v2\/types\/product"}],"replies":[{"embeddable":true,"href":"https:\/\/rhybraeu.ch\/index.php\/wp-json\/wp\/v2\/comments?post=164"}],"wp:featuredmedia":[{"embeddable":true,"href":"https:\/\/rhybraeu.ch\/index.php\/wp-json\/wp\/v2\/media\/1218"}],"wp:attachment":[{"href":"https:\/\/rhybraeu.ch\/index.php\/wp-json\/wp\/v2\/media?parent=164"}],"wp:term":[{"taxonomy":"product_brand","embeddable":true,"href":"https:\/\/rhybraeu.ch\/index.php\/wp-json\/wp\/v2\/product_brand?post=164"},{"taxonomy":"product_cat","embeddable":true,"href":"https:\/\/rhybraeu.ch\/index.php\/wp-json\/wp\/v2\/product_cat?post=164"},{"taxonomy":"product_tag","embeddable":true,"href":"https:\/\/rhybraeu.ch\/index.php\/wp-json\/wp\/v2\/product_tag?post=164"}],"curies":[{"name":"wp","href":"https:\/\/api.w.org\/{rel}","templated":true}]}}