{"id":36,"date":"2024-02-07T19:55:39","date_gmt":"2024-02-07T19:55:39","guid":{"rendered":"https:\/\/cannavo.ch\/?post_type=product&#038;p=36"},"modified":"2026-03-17T16:33:20","modified_gmt":"2026-03-17T15:33:20","slug":"lager","status":"publish","type":"product","link":"https:\/\/rhybraeu.ch\/index.php\/produkt\/lager\/","title":{"rendered":"Lager 6 Flaschen"},"content":{"rendered":"<p>Unser Lager &#8211; Ein erfrischendes, helles Bier, das aus hochwertigem Malz und Hopfen gebraut wird. Mit seiner angenehmen Bitterkeit, einem leichten Malzcharakter und einem zarten Hopfenaroma ist es der perfekte Begleiter f\u00fcr warme Tage und gesellige Anl\u00e4sse. Durch die langsame Verg\u00e4rung bei niedrigen Temperaturen und die lange Lagerung entsteht ein besonders mildes Bier, das als idealer Durstl\u00f6scher f\u00fcr den Sommer gilt.<\/p>\n<p>Die Gr\u00f6sse des 6er-Kartons bietet sich ideal f\u00fcr ein tolles Geschenk oder Probierset an. Der Tragkarton l\u00e4sst sich perfekt von A nach B transportieren und verleiht dabei ein stilvolles Erscheinungsbild.<\/p>\n","protected":false},"excerpt":{"rendered":"<p>ABV 5.0% | EBC 9.9 | IBU 26 | Genusstemperatur: 5-6 \u00b0C<\/p>\n","protected":false},"featured_media":1200,"comment_status":"open","ping_status":"closed","template":"","meta":{"jetpack_post_was_ever_published":false},"product_brand":[],"product_cat":[15],"product_tag":[],"class_list":{"0":"post-36","1":"product","2":"type-product","3":"status-publish","4":"has-post-thumbnail","6":"product_cat-bier","8":"first","9":"instock","10":"taxable","11":"shipping-taxable","12":"purchasable","13":"product-type-variable","14":"has-default-attributes"},"jetpack_sharing_enabled":true,"_links":{"self":[{"href":"https:\/\/rhybraeu.ch\/index.php\/wp-json\/wp\/v2\/product\/36","targetHints":{"allow":["GET"]}}],"collection":[{"href":"https:\/\/rhybraeu.ch\/index.php\/wp-json\/wp\/v2\/product"}],"about":[{"href":"https:\/\/rhybraeu.ch\/index.php\/wp-json\/wp\/v2\/types\/product"}],"replies":[{"embeddable":true,"href":"https:\/\/rhybraeu.ch\/index.php\/wp-json\/wp\/v2\/comments?post=36"}],"wp:featuredmedia":[{"embeddable":true,"href":"https:\/\/rhybraeu.ch\/index.php\/wp-json\/wp\/v2\/media\/1200"}],"wp:attachment":[{"href":"https:\/\/rhybraeu.ch\/index.php\/wp-json\/wp\/v2\/media?parent=36"}],"wp:term":[{"taxonomy":"product_brand","embeddable":true,"href":"https:\/\/rhybraeu.ch\/index.php\/wp-json\/wp\/v2\/product_brand?post=36"},{"taxonomy":"product_cat","embeddable":true,"href":"https:\/\/rhybraeu.ch\/index.php\/wp-json\/wp\/v2\/product_cat?post=36"},{"taxonomy":"product_tag","embeddable":true,"href":"https:\/\/rhybraeu.ch\/index.php\/wp-json\/wp\/v2\/product_tag?post=36"}],"curies":[{"name":"wp","href":"https:\/\/api.w.org\/{rel}","templated":true}]}}